hat is the tens digit of 1/(4/(-432)*g)?
1
Suppose 5*v - 172 + 162 = 0. Let i(f) = f**3 + 3*f**2 + 2*f. Let h be i(-2). Suppose -3*x + h*x = -4*w + 2, -3*w - v*x = -10. What is the units digit of w?
2
What is the tens digit of (-7)/(84/(-40192)) + 144/(-432)?
4
Let b = -633 - -1357. Let n = b + -338. What is the tens digit of n?
8
Let b(p) = 10*p. Let q = 46 - 44. Let h be b(q). Suppose h*l = 26*l - 54. What is the units digit of l?
9
Let m(v) = -3*v + 11. Let p be m(3). Suppose 3*a - 16*l - 917 = -15*l, 0 = 2*a - p*l - 614. What is the hundreds digit of a?
3
Suppose 7*y - 14 = -0. Suppose -10 = 3*d - 4*i, -6*d + y*d - 11 = -3*i. What is the units digit of (2/d)/((-6)/726)?
1
Suppose -5*i = -4*b - 9, -2*i + 4*b = 3*b - 6. Suppose -4*q = -20, -2*q = -0*o + o - i. What is the units digit of (-15)/o + (0 + 2 - -88)?
3
Suppose 7*o - 67 - 206 = 0. What is the hundreds digit of -3 + o/15 - (-2346)/15?
1
Let y = -255 - -245. What is the tens digit of 41 + (6 - 1 - (0 - y))?
3
Let u(h) = 2140*h - 2992. What is the ten thousands digit of u(11)?
2
Suppose a - 20 = -4*d + 24, 14 = d + a. Suppose -6 = 4*y + 3*w, 4*y - d = 6*y + 5*w. Suppose y = -2*c + 5*c - 51. What is the units digit of c?
7
Let d(q) = 10*q**2 + 36*q - 147. What is the hundreds digit of d(20)?
5
Let n = -211 + 967. Let b = 1327 - n. What is the tens digit of b?
7
Let p = 66 + -36. Suppose -2*i + p = -k, 2*i = k + 4*k + 134. What is the tens digit of 6064/208 - (-4)/k?
2
Suppose 204*z + 10965 = 207*z. What is the hundreds digit of z?
6
Suppose 0 = -2*w + 10, 5*m - 108613 - 122407 = 4*w. What is the hundreds digit of m?
2
Let n(k) = 12*k + 19. Suppose 0 = 2*f - 3*i + 42, 2*i = -f + i - 11. Let d = f + 27. What is the hundreds digit of n(d)?
1
Let f = 75 - 122. Suppose t - p + 3 = 2*t, t - p = -1. What is the units digit of f/(-2) + (-1 - t/(-2))?
3
Suppose 3*i = 3*t + 15825, -24*t - 7 = -17*t. What is the tens digit of i?
7
Let t be (-4)/(-1) + -2 + -71. Let x(d) = -190*d + 1. Let a be x(-1). Let i = t + a. What is the tens digit of i?
2
Suppose 0 = 3*p + 6, 2*j - 5*j - p - 6590 = 0. Let a = -1246 - j. What is the units digit of a?
0
Let u(o) = -1031*o - 60. Let w be u(-2). Suppose g - 6 = -i, 3*g = 4*i - 38 - 0. Suppose i*d = -6*d + w. What is the hundreds digit of d?
1
Let u(w) = -143*w**3 - w**2 - 70*w - 109. What is the thousands digit of u(-7)?
9
Suppose 138 = 2*f - f + h, -4*h = -3*f + 379. Let x(j) = j**3 + 35*j**2 + 22*j + 49. Let n be x(-12). What is the units digit of n/f - (-2)/(-7)?
3
What is the units digit of ((-112072)/(-12) + -8)/((-6)/9 - -1)?
4
Let o(b) = 2283*b - 125. What is the thousands digit of o(3)?
6
Suppose 48 = 3*p - s, -32 = -p - p - s. What is the hundreds digit of -7 - 2066/(-6) - p/12?
3
Suppose -32*h - 4 = -34*h. What is the hundreds digit of (2/h)/(7/(-77))*-11?
1
Let c(d) = 21664*d + 475. What is the tens digit of c(3)?
6
Let w be 1 - -1 - ((1 - 8) + 0). What is the hundreds digit of 3*-2 - (w - 564)?
5
Suppose 8*z - 14 = 6*z. Suppose z*t - 24 = t. Suppose 8*f - t*f - 216 = 0. What is the units digit of f?
4
Suppose 2*a = 3*k + 7759, -a + 18*k + 3862 = 13*k. What is the units digit of a?
7
Suppose -64*j + 118384 = -15*j. Let c = j - 1361. What is the units digit of c?
5
Let q(a) = a**2 + 4*a + 169. Let b be q(0). Let d = b + -131. What is the units digit of d?
8
Let d(k) = 1. Let u(y) = -y - 19. Let s(j) = 5*d(j) + 5*u(j). What is the tens digit of s(-24)?
3
Suppose 5*h = 3*g - 1810 - 5157, 0 = -3*g + 4*h + 6965. Suppose -8*x + g = -4665. What is the hundreds digit of x?
8
Let a = 18 + -13. Suppose -a*g = 2*c - c + 165, -4*g - 132 = 5*c. Let q = g + 84. What is the tens digit of q?
5
Let t = 12 + -76. Let z be t - (-5 - (0 + -3)). Let d = 149 + z. What is the tens digit of d?
8
Suppose 2*z + 6 = -0. Let r(l) be the third derivative of -3*l**6/40 + l**5/20 - 5*l**4/24 - 24*l**2 - l. What is the hundreds digit of r(z)?
2
Suppose 3*o + 24*h - 28*h - 13205 = 0, 3*h = 4*o - 17595. What is the thousands digit of o?
4
Let g(a) = a**2 - 4*a + 31. Let l be g(5). Suppose 3*x - 1233 = 34*z - l*z, 0 = 4*z + 2*x - 2462. What is the hundreds digit of z?
6
Let s be 2*1*3/(-3). Let n be (s - 40/(-18)) + 176/18. Suppose -4*y = -n*y + 390. What is the tens digit of y?
6
Let n(s) = -2*s**3 - 4*s**2 - 5*s - 1. Let j(v) = -6*v**2 + 4*v + 1. Let h be j(3). Let c = h - -39. What is the units digit of n(c)?
9
Let m be (-1)/2 + 1 + 70/20. Suppose b + m*b = 6*b. Suppose b = 2*j - 0*j + 5*d - 99, 3*j = -5*d + 141. What is the tens digit of j?
4
Let k(j) = 2*j**3 + 4*j**2 + j + 6. Let w be k(-3). Suppose 7*h = 14*h + 665. Let r = w - h. What is the tens digit of r?
8
Let h be (6/(-39) - 36/(-65))*5. Let i(z) = 3*z**2 + 39 - 2 - 4*z**h - 18*z. What is the tens digit of i(-16)?
6
Let a be ((-189)/(-14))/(12/8). Suppose -4186 = -a*c + 827. What is the tens digit of c?
5
Suppose 4*b = -81 + 5. Let p(h) = -h**3 - 18*h**2 + 16*h - 18. Let f be p(b). Let m = f - -90. What is the hundreds digit of m?
1
Let s = 5748 - -29870. What is the hundreds digit of s?
6
Suppose -13 = -5*y + 4*y. Let q(r) = -r**3 + 13*r**2 - r + 5. Let j be q(y). What is the hundreds digit of 3/4 - 1090/j - -4?
1
Let q be (14 - 14)/(3/(-1)). Suppose -2*r + 1131 = -0*r + 5*p, q = -3*r + 4*p + 1754. What is the hundreds digit of r?
5
Let t(i) = -2*i**3 - 8*i**2 - i + 10. Let s be t(-4). Suppose -118 = -2*p - 4*f, -p + 2*f = -29 - s. What is the tens digit of p?
5
Suppose -6 = -3*r - 0. Suppose 5*s + 3*o = -18, -4*s - r = 5*o + 2. What is the units digit of (166/s)/(7 + (-176)/24)?
3
Suppose 14*l + 6*l = 31*l - 7260. What is the tens digit of l?
6
Let d = 54 + -24. Suppose -79*h + 509 = 114. Suppose 5*k + 150 = 5*y, 6*y = h*y - 3*k + d. What is the units digit of y?
0
Let m be (36/(-8))/9 + 1838/(-4). What is the hundreds digit of 7718/20 + (-46)/m?
3
Let n(z) = -2936*z + 3139. What is the units digit of n(-6)?
5
Let m = -7719 + 4720. Let w = m - -4239. Suppose 5*y - w = -5*o, -1229 + 238 = -4*y - 3*o. What is the tens digit of y?
4
Suppose -t = -16*x + 17*x - 7843, 4*x - 4*t - 31412 = 0. What is the hundreds digit of x?
8
Let z(q) = 18*q**3 - 9*q**2 + 28*q - 42. What is the units digit of z(4)?
8
Let n = -32 + 30. What is the units digit of n*5/2*-127?
5
Let j(s) = s**3 - s**2 + s - 93. Let d be j(0). Let q = d + 31. What is the units digit of q/(-3) - 36/(-27)?
2
Suppose -3*l = l + 212. Let o = 628 + -697. Let r = l - o. What is the tens digit of r?
1
Suppose -4*t - i + 5934 = 0, -t + 1488 = 33*i - 32*i. What is the tens digit of t?
8
Let f = 12613 + -3425. What is the tens digit of f?
8
Let w be ((-2)/6*-4)/(284/426). Suppose -2745 = -3*g - 3*k + 2172, g + w*k - 1643 = 0. What is the thousands digit of g?
1
Suppose 0 = 7*k - 11*k - 2*t + 2, 3*t = 2*k - 13. What is the hundreds digit of ((-8)/16)/(k/(-4)) + 342?
3
Let g(i) = 25*i - 53. Let j = 35 - 8. Let x be g(j). Suppose -2*f = -5*v - 306, -3*f - f + 5*v = -x. What is the tens digit of f?
5
Suppose -5*a + 5505 = -5*t - 43650, 0 = -5*a + 4*t + 49158. What is the thousands digit of a?
9
Let w(u) = -1041*u - 2457. What is the units digit of w(-54)?
7
Let v(o) = -o**2 - 63*o + 16883. What is the tens digit of v(0)?
8
Let w = 12325 + -3177. What is the tens digit of w?
4
Let p = -2316 - -4810. What is the units digit of p?
4
Let t(z) = 64*z + 387. Let u be t(-6). Suppose s - n - 20 = -0*s, 3*n - 45 = -4*s. What is the units digit of ((-14)/u)/((-10)/s)?
7
Let n = 266 + 325. Let s = n - 163. What is the tens digit of s?
2
What is the ten thousands digit of (3/(-2) + 0)/((-42)/808388)?
2
Suppose -6*h - 22925 = -258533. What is the thousands digit of h?
9
Let m(h) = h**3 - 10*h**2 + 3*h - 24. Let s be m(10). Suppose -s*v - 1080 = -2*v. What is the tens digit of (-1)/5 + 9/(v/(-456))?
1
Suppose -89 + 47 = -7*f. What is the units digit of (((-11295)/f)/(-5))/(12/8)?
1
Suppose -60*z + 56*z = -16. Suppose z*g + n = -0*n + 29, -4*n + 4 = 0. Suppose g*b = 10*b - 2*j - 388, -2 = j. What is the tens digit of b?
2
Suppose -4*t + 24518 = 3*m, 2*m - 572 = -2*t + 15772. Suppose -m = -5*u + 5*q, q = -8 + 3. What is the tens digit of u?
2
Let p(m) = 16*m + 42. Let x be p(10). Let u = x + -135. What is the units digit of (u - 0) + -1 + -1?
5
Suppose 161 = 9*p - 2*p. Suppose -3*b = -4*v